e highest common factor of v and k?
14
Let n = -7 - -11. Let a be (-320)/(-15)*6/n. Suppose -45 = -2*w + 51. What is the greatest common divisor of a and w?
16
Suppose 2*q - 3*r - 73 = 0, 5*q - 81 = 2*q - 5*r. Suppose 0 = y - 5*x - 2 - 7, 0 = -4*y - 5*x + 11. What is the greatest common factor of y and q?
4
Let q(c) = -c**2 - 11*c - 3. Let o be q(-10). What is the greatest common divisor of o and 7?
7
Let d be 56/(-12) - 2/(-3). Let k(a) = -2*a**3 - 4*a**2 + 3*a + 5. Let c be k(d). Let w be (-2)/(-3)*c/2. Calculate the greatest common divisor of w and 209.
19
Let r = -1 - -21. Calculate the highest common divisor of r and 10.
10
Let z(r) = r**2 - 5*r + 3. Let q be z(5). Suppose v = -5*h - 96, -2*h + 4*v = -q*h - 4. Let u = -7 - h. Calculate the greatest common divisor of 117 and u.
13
Suppose 4*d - 76 = 4*o, 0*d + d - 44 = -4*o. Let g be 2/10*-4*5. Let t = 7 + g. Calculate the highest common divisor of d and t.
3
Suppose i - 2*i - 44 = 0. Let c = i - -85. Let y = c + -23. Calculate the greatest common divisor of y and 45.
9
Let g = 28 - -6. What is the highest common divisor of 51 and g?
17
Let z = 430 - 254. Let p = 10 + 6. Calculate the greatest common divisor of z and p.
16
Suppose 11 = -2*z + 63. What is the greatest common divisor of z and 26?
26
Suppose -4*a + 90 = -2*a. Let o = 55 - 30. Suppose -4*s - m = -3*m - 28, -s - 4*m = -o. Calculate the highest common factor of a and s.
9
Suppose 2*n = -0*g + 3*g - 35, -4*g + 4*n + 48 = 0. Let f = 268 + -257. What is the highest common divisor of g and f?
11
Let n(w) = -w - 13. Let o be n(-14). What is the greatest common divisor of 4 and o?
1
Let l be 1/(2/8*1). Let n = -12 + 17. Let d(s) = -s + 6. Let v be d(n). What is the greatest common factor of l and v?
1
Let u be (-2 - 19)*8/(-8). Calculate the greatest common factor of 7 and u.
7
Let i = 16 - 6. What is the greatest common factor of i and 4?
2
Suppose -3*w + 13 = -5. Let c(q) = -q**2 + 7*q - 5. Let g be c(w). Let u be 0 - (-1 - (11 + g)). Calculate the highest common factor of u and 13.
13
Suppose -57 = 5*c + 113. Let l be 0 + -2 + 0 - c. Calculate the highest common divisor of l and 16.
16
Let k(l) = -l**2 - 8*l - 11. Let v be k(-9). Let j be v/(-30) - (-86)/6. What is the highest common factor of j and 3?
3
Let d be -5 + 3 - -3 - -5. Suppose 0 = -0*y + 3*y - d. What is the greatest common divisor of y and 2?
2
Let z = -11 + 13. Suppose 6*h - 64 = z*h. What is the greatest common factor of h and 112?
16
Let h(q) = -2 - 5*q - q**2 + 1 + 0. Let b be h(-2). What is the greatest common divisor of b and 15?
5
Suppose -3*i + 44 = -229. What is the greatest common factor of 13 and i?
13
Suppose 1 = -3*i + 13. Suppose 14 = i*f - 10. Calculate the greatest common factor of 18 and f.
6
Let u(g) = -2*g - 2. Let n be u(-7). What is the greatest common factor of 48 and n?
12
Let m(p) be the third derivative of p**6/120 + p**4/12 + 5*p**2. Let f be m(4). Calculate the highest common divisor of f and 24.
24
Let s = 94 - 58. Suppose 5*o + 6 = 5*x - 24, 3*x = o + 14. Calculate the greatest common divisor of x and s.
4
Suppose 4*f = 333 + 255. Let n be 35/2*12/10. Calculate the greatest common factor of n and f.
21
Suppose -202 - 78 = -4*f. What is the highest common divisor of f and 10?
10
Let h(m) = -m**3 + 13*m**2 - 20*m + 4. Let t be h(11). What is the greatest common factor of t and 13?
13
Suppose -2*i - 165 = -4*u - 61, 130 = 5*u - 3*i. Suppose w = 62 + u. What is the greatest common divisor of 8 and w?
8
Let k(h) = h + 18. Let i be k(-5). Suppose 0 = 5*q - 2*q - 351. What is the greatest common factor of q and i?
13
Suppose 5*x - 7*x = -104. Calculate the highest common factor of x and 26.
26
Let k(t) = 2*t + 5. Let n be k(-5). Suppose -o = -2*o + 3. Let u = o - n. Calculate the highest common divisor of 16 and u.
8
Let a(v) = v - 11. Let k be a(7). Let p(i) = -31*i - 4. Let s be p(k). Calculate the highest common divisor of 48 and s.
24
Suppose -162 = 5*k - 2*k. Suppose 3*z = -3*f, 0*f + 4*z + 14 = 3*f. Let b be k/(-4) + f/4. Calculate the highest common factor of b and 42.
14
Let x be 2/(-5) - 99/15. Let o(r) = r**3 + 6*r**2 - 8*r - 7. Let g be o(x). Suppose -2*d - 3*d + 55 = g. Calculate the greatest common divisor of 121 and d.
11
Let d(x) = 4*x**2 + 5*x + 4. Let k be d(-3). Let r = -61 - -71. Calculate the greatest common divisor of r and k.
5
Suppose 0*d + d = 0. Suppose -4*x - 20 = -2*u, -4 = -4*u - d*x - x. Suppose -u*p + 29 = 3. Calculate the greatest common factor of p and 143.
13
Suppose -d + 35 = -5*l, d + 4*l - 25 = 1. What is the greatest common factor of 20 and d?
10
Let n be (-5)/(-3 - 2/(-1)). What is the greatest common divisor of n and 5?
5
Let h = 178 - 31. Calculate the greatest common factor of h and 21.
21
Suppose 0 = -14*z + 18*z - 120. Let w(a) = a**3 - 2*a**2 - 3*a - 5. Let p be w(4). What is the highest common factor of p and z?
15
Let r(y) = -31*y - 8. Let q be r(-2). Calculate the highest common divisor of q and 6.
6
Let j(a) = a**3 + 10*a**2 - 4*a - 2. Let b be j(-10). Let h be 0 + 1 + b/2. Calculate the highest common divisor of h and 5.
5
Let p be -22*3/6*-7. Let v(c) = 6*c**2 - c + 1. Let o be v(1). Let q be 3 + -2 + 1*o. Calculate the greatest common divisor of p and q.
7
Suppose -h + z - 3*z = -24, -16 = -2*h + 4*z. Let d be (-34)/(-4) - 8/h. What is the greatest common divisor of 24 and d?
8
Let b(l) = 3*l - 17. Let s be b(8). Let y(a) = a**2 - a - 2. Let p = -18 - -13. Let z be y(p). Calculate the highest common divisor of s and z.
7
Suppose s - 26 = -3*s - 5*c, -4*c = 3*s - 19. Calculate the highest common factor of 3 and s.
3
Let m be 289 + -2 + (-1)/(-1). Calculate the greatest common divisor of 36 and m.
36
Suppose -278 + 2 = -3*n. Let h be (-4)/6 + 142/6. Calculate the greatest common divisor of h and n.
23
Let j = -92 - -239. Suppose -5*z = 4*r - 0*z - 99, z - 87 = -4*r. What is the greatest common factor of j and r?
21
Let y be 1434/8 - 3/(-4). Calculate the greatest common divisor of y and 20.
20
Let f(d) = 48*d - 5. Let r = -2 + 4. Let n be f(r). What is the highest common factor of 13 and n?
13
Suppose 5*n - 45 = 5*v, 2*n + 0*v - 21 = -v. Calculate the greatest common factor of 15 and n.
5
Suppose q - 18 = 3*q. Let g = -12 - q. Let k be (2 + (-7 - g))*-11. What is the greatest common factor of k and 33?
11
Suppose 0 = 4*d - 20, 0*d + 5*d - 345 = -5*h. Calculate the greatest common factor of h and 8.
8
Suppose s - 18 = -7. Let o(l) be the third derivative of 13*l**5/60 + l**4/12 - l**3/6 - 2*l**2. Let n be o(2). Calculate the highest common divisor of s and n.
11
Suppose 23 = s + 22. Suppose 0 = k - 0*g - 5*g + 20, 0 = -5*k + g - 4. Let m = k + 1. Calculate the highest common divisor of s and m.
1
Suppose 0 = -8*i + 5*i + 33. Let a = -38 + 60. Calculate the greatest common factor of i and a.
11
Let f be ((-30)/(-8))/((-1)/(-4)). Suppose -3*n - 10 = 17. Let l = 24 + n. Calculate the greatest common divisor of f and l.
15
Suppose 3*k + l + 10 - 3 = 0, -3*k - 13 = -2*l. Let n be (-2)/k + (-440)/(-24). Calculate the highest common divisor of 76 and n.
19
Let d(m) = m**3 - 12*m**2 + 13*m - 13. Let x be d(11). Suppose 0 = -5*i + g + x, 3*i = g + 2 + 5. Calculate the greatest common factor of 2 and i.
1
Let i(x) = x**3 - 3*x**2 - x - 11. Let c be i(4). What is the greatest common factor of c and 7?
1
Let z(n) = -3*n - 4 + 23*n**2 + 2 + 2*n. Let u be z(2). Suppose -u = -2*y - 0*y. What is the highest common divisor of 4 and y?
4
Let g be -3 - 2*((-25)/(-2))/(-1). What is the greatest common divisor of 55 and g?
11
Let j be 157/4 - 9/36. What is the highest common factor of 13 and j?
13
Suppose 0 = 5*o + 1 + 14, z + o - 21 = 0. Calculate the highest common factor of z and 264.
24
Let s(k) = -k - 3*k + 2*k + 6 + 0*k. Let b be s(-6). What is the highest common factor of b and 72?
18
Let u(y) be the second derivative of y**4/6 + 11*y**3/6 + 15*y**2/2 - y. Let m be u(-6). Calculate the highest common factor of m and 147.
21
Suppose 0 = -0*y + 5*y - 105. Let z(k) = 7*k**2 + 8*k + 12. Let p be z(-5). What is the highest common factor of p and y?
21
Let k(o) = o**3 + 4*o - 5*o**2 - 3*o**2 + 2*o + 6. Let z be k(7). Let i be 1 + 5 + 0/z. What is the highest common divisor of i and 66?
6
Let w be 38/(-12) + 3 - (-9